{"id":759,"date":"2015-09-11T10:36:11","date_gmt":"2015-09-11T08:36:11","guid":{"rendered":"http:\/\/www.the-voice-of-freedom.com\/wordpress\/?page_id=759"},"modified":"2021-06-16T20:28:45","modified_gmt":"2021-06-16T18:28:45","slug":"auditions-chorale-gospel","status":"publish","type":"page","link":"https:\/\/www.the-voice-of-freedom.com\/wordpress\/auditions-chorale-gospel\/","title":{"rendered":"Audition Chorale Gospel : <br\/> nous rejoindre"},"content":{"rendered":"<p class=\"has-text-align-center p3\">Vous avez toujours voulu chanter dans une chorale gospel ?<br>Le message de libert\u00e9 port\u00e9 par la chorale vous touche ? <br>Vous souhaitez rejoindre l\u2019aventure <strong>The Voice of Freedom&nbsp;<\/strong>? <br>Venez passer l&rsquo;audition pour notre chorale Gospel et Spirituals ! <\/p>\n\n\n<p style=\"text-align: center;\"><iframe loading=\"lazy\" title=\"YouTube video player\" src=\"https:\/\/www.youtube.com\/embed\/Rdu7eOn595Y\" width=\"560\" height=\"315\" frameborder=\"0\" allowfullscreen=\"allowfullscreen\"><\/iframe><\/p>\n<p style=\"text-align: center;\"><em>Comment se passe une audition pour notre chorale Gospel ?<\/em><\/p>\n\n\n<p>Il vous suffit de vous inscrire sur nos prochaines auditions en remplissant le formulaire ci-dessous : <a href=\"#FormulaireAuditions\">Remplir le formulaire<\/a>. Rien de plus simple : laissez nous vos coordonn\u00e9es, nous vous recontacterons tr\u00e8s vite.<\/p>\n\n\n\n<p>Nous nous ferons le plaisir de vous informer des prochaines dates et des conditions.<\/p>\n\n\n\n<p>Pour vous donner un avant-go\u00fbt de notre ch\u0153ur de Spirituals &amp; Gospel, vous pouvez assister \u00e0 l\u2019une de nos r\u00e9p\u00e9titions en tant qu\u2019auditeur libre, sur simple demande en remplissant le formulaire ci-dessous : <a href=\"#FormulaireAuditions\">Remplir le formulaire<\/a>.<\/p>\n\n\n\n<p>Nos r\u00e9p\u00e9titions ont lieu tous les mardis, du mois de septembre au mois de juin, de 20h \u00e0 22h.<\/p>\n\n\n\n<p>\u00c7a se passe au 106 rue de Grenelle (<a href=\"https:\/\/www.google.fr\/maps\/place\/106+Rue+de+Grenelle,+75007+Paris\/@48.8564496,2.3196628,17z\/data=!3m1!4b1!4m5!3m4!1s0x47e6702aab0cdbe9:0x285c2fae578b748d!8m2!3d48.8564496!4d2.3218568?hl=en\" target=\"_blank\" rel=\"noopener noreferrer\">maps<\/a>), m\u00e9tro Solf\u00e9rino.<\/p>\n\n\n\n<p>Pour toute question ou demande d&rsquo;information, n&rsquo;h\u00e9sitez pas \u00e0  nous solliciter en remplissant le formulaire ci-dessous : <a href=\"#FormulaireAuditions\">Remplir le formulaire<\/a>. <\/p>\n\n\n\n<p>A tr\u00e8s bient\u00f4t!<\/p>\n\n\n<p><a id=\"FormulaireAuditions\">&nbsp;<\/a><\/p>\n<h3 style=\"text-align:center\">Formulaire de contact pour une audition<\/h3>\n<form enctype=\"multipart\/form-data\" method=\"post\" id=\"psfb4834\" action=\"https:\/\/www.the-voice-of-freedom.com\/wordpress\/auditions-chorale-gospel\/\" class=\"planso-form-builder\" data-id=\"4834\" data-cnt=\"1\" id=\"planso_forms_4834_1\" data-locale=\"fr\" data-locale_long=\"fr_FR\" data-datepicker=\"bootstrap-datetimepicker\" data-date_format=\"j F Y\" data-moment_date_format=\"D MMMM YYYY\" data-jqueryui_date_format=\"d MM yy\" data-eternicode_date_format=\"d MM yyyy\"><style type=\"text\/css\">#psfb4834 .has-error,#psfb4834 .has-error label.control-label{color:#DD0000;}#psfb4834 .has-error input,#psfb4834 .has-error textarea,#psfb4834 .has-error select{color:#DD0000;border-color:#DD0000;}#psfb4834 .has-success,#psfb4834 .has-success label.control-label{color:#339933;}#psfb4834 .has-success input,#psfb4834 .has-success textarea,#psfb4834 .has-success select{color:#339933;border-color:#339933;}<\/style><div class=\"container-fluid\"><input type=\"hidden\" name=\"psfb_pageurl\" value=\"https:\/\/www.the-voice-of-freedom.com\/wordpress\/auditions-chorale-gospel\/\"\/><input type=\"hidden\" name=\"psfb_userip\" value=\"216.73.217.118\"\/><input type=\"hidden\" name=\"psfb_useragent\" value=\"Mozilla\/5.0 AppleWebKit\/537.36 (KHTML, like Gecko; compatible; ClaudeBot\/1.0; +claudebot@anthropic.com)\"\/><input type=\"hidden\" name=\"psfb_landingpage\" value=\"http:\/\/the-voice-of-freedom.com\/wordpress\/wp-json\/wp\/v2\/pages\/759\"\/><input type=\"hidden\" name=\"psfb_referer\" value=\"Direct\"\/><input type=\"hidden\" name=\"psfb_page_id\" value=\"759\"\/><input type=\"hidden\" name=\"psfb_form_submit\" value=\"1\"\/><input type=\"hidden\" name=\"psfb_form_id\" value=\"4834\"\/><input type=\"hidden\" name=\"psfb_form_cnt\" value=\"1\"\/><div style=\"display:none\"><input type=\"text\" name=\"psfb_hon_as\"\/><\/div><div style=\"display:none\"><input type=\"text\" name=\"psfb_hon_as2\" id=\"psfb_hon_as2_4834_1\" value=\"ade4450894073094ea3967ee819eafaf\"\/><\/div><div style=\"display:none\"><input type=\"text\" name=\"psfb_cnt_check\" value=\"1\"\/><\/div><input type=\"hidden\" autocomplete=\"off\" autocorrect=\"off\" name=\"Yg-J-D-w-s-eW-R-L\" value=\"\" \/><div class=\"row\"><div class=\"col-md-6\"><div class=\"form-group psfb-single-container\"><label class=\"control-label\" for=\"psfield_4834_1\">Pr\u00e9nom<span class=\"psfb_required_mark\">*<\/span><\/label><input type=\"text\" required=\"required\" data-required=\"required\" name=\"Pr_nom\" class=\"form-control  \" id=\"psfield_4834_1\" style=\"\"\/><\/div><\/div><div class=\"col-md-6\"><div class=\"form-group psfb-single-container\"><label class=\"control-label\" for=\"psfield_4834_2\">Nom<span class=\"psfb_required_mark\">*<\/span><\/label><input type=\"text\" required=\"required\" data-required=\"required\" name=\"Nom\" class=\"form-control  \" id=\"psfield_4834_2\" style=\"\"\/><\/div><\/div><\/div><div class=\"row\"><div class=\"col-md-6\"><div class=\"form-group psfb-single-container\"><label class=\"control-label\" for=\"psfield_4834_3\">Email<span class=\"psfb_required_mark\">*<\/span><\/label><input type=\"email\" required=\"required\" data-required=\"required\" name=\"Email\" class=\"form-control  \" id=\"psfield_4834_3\" style=\"\"\/><\/div><\/div><div class=\"col-md-6\"><div class=\"form-group psfb-single-container\"><label class=\"control-label\" for=\"psfield_4834_4\">T\u00e9l\u00e9phone<span class=\"psfb_required_mark\">*<\/span><\/label><input type=\"tel\" required=\"required\" data-required=\"required\" name=\"T_l_phone\" class=\"form-control  \" id=\"psfield_4834_4\" style=\"\"\/><p class=\"help-block\">Un num\u00e9ro pour pouvoir vous joindre directement<\/p><\/div><\/div><\/div><div class=\"row\"><div class=\"col-md-12\"><div class=\"form-group psfb-single-container\"><label class=\"control-label\" for=\"psfield_4834_5\">Adresse<span class=\"psfb_required_mark\">*<\/span><\/label><input type=\"text\" required=\"required\" data-required=\"required\" name=\"Adresse\" class=\"form-control  \" id=\"psfield_4834_5\" style=\"\"\/><p class=\"help-block\">Votre adresse ne sera utilis\u00e9e que si vous passez l'audition avec succ\u00e8s.<\/p><\/div><\/div><\/div><div class=\"row\"><div class=\"col-md-12\"><div class=\"form-group psfb-single-container\"><label class=\"control-label\" for=\"psfield_4834_6\">Compl\u00e9ment d'adresse<\/label><input type=\"text\" name=\"Compl_ment_d_adresse\" placeholder=\"Toute information compl\u00e9mentaire utile pour votre adresse.\" class=\"form-control  \" id=\"psfield_4834_6\" style=\"\"\/><\/div><\/div><\/div><div class=\"row\"><div class=\"col-md-6\"><div class=\"form-group psfb-single-container\"><label class=\"control-label\" for=\"psfield_4834_7\">Code Postal<span class=\"psfb_required_mark\">*<\/span><\/label><input type=\"number\" required=\"required\" data-required=\"required\" name=\"Code_Postal\" placeholder=\"\" value=\"\" class=\"form-control  \" id=\"psfield_4834_7\" style=\"\" max=\"99999\" min=\"00000\"\/><\/div><\/div><div class=\"col-md-6\"><div class=\"form-group psfb-single-container\"><label class=\"control-label\" for=\"psfield_4834_8\">Ville<span class=\"psfb_required_mark\">*<\/span><\/label><input type=\"text\" required=\"required\" data-required=\"required\" name=\"Ville\" placeholder=\"\" value=\"\" class=\"form-control  \" id=\"psfield_4834_8\" style=\"\"\/><\/div><\/div><\/div><div class=\"row\"><div class=\"col-md-12\"><div class=\"form-group psfb-single-container\"><hr class=\"\"><\/div><\/div><\/div><div class=\"row\"><div class=\"col-md-12\"><div class=\"form-group psfb-single-container\"><div class=\"p3\">Vous pouvez pr\u00e9ciser votre demande :\n<\/div><\/div><\/div><\/div><div class=\"row\"><div class=\"col-md-12\"><div class=\"form-group psfb-single-container\"><div style=\"padding-left: 0.6em;     margin-left: 1.6em;     padding-top: 0.6em;     padding-bottom: -0.4em;     margin-bottom: -0.8em;\" class=\"\"><li>vous souhaitez vous inscrire \u00e0 une audition : nous vous proposerons un choix de dates par email<\/li>\n<li>vous souhaitez assister \u00e0 une r\u00e9p\u00e9tition : nous vous proposerons un choix de date par email<\/li>\n<li>vous souhaitez demander des informations : laissez nous un message<\/li>\n\n<br><br><\/div><\/div><\/div><\/div><div class=\"row\"><div class=\"col-md-6\"><div class=\"form-group psfb-single-container\"><label class=\"control-label\" for=\"psfield_4834_12\">Inscription<\/label><div class=\"checkbox_wrapper\"><div class=\"checkbox\"><label class=\"checkbox_wrapper\" style=\"\"><input type=\"checkbox\" value=\"audition\" name=\"Inscription[]\" id=\"psfield_4834_12_1\">Inscription \u00e0 une audition<\/label><\/div><div class=\"checkbox\"><label class=\"checkbox_wrapper\" style=\"\"><input type=\"checkbox\" value=\"repetition\" name=\"Inscription[]\" id=\"psfield_4834_12_2\">Assister \u00e0 une r\u00e9p\u00e9tition<\/label><\/div><div class=\"checkbox\"><label class=\"checkbox_wrapper\" style=\"\"><input type=\"checkbox\" value=\"informations\" name=\"Inscription[]\" id=\"psfield_4834_12_3\">Demande d'informations<\/label><\/div><\/div><p class=\"help-block\">Vous souhaitez vous inscrire pour une audition, pour assister \u00e0 une r\u00e9p\u00e9tition ou les deux<\/p><\/div><\/div><div class=\"col-md-6\"><div class=\"form-group psfb-single-container\"><label class=\"control-label\" for=\"psfield_4834_13\">Demande d'informations<\/label><textarea name=\"Demande_d_informations\" placeholder=\"Ecrire votre message ici...\" class=\"form-control  p3\" id=\"psfield_4834_13\" style=\"margin-top: 0px; margin-bottom: 0px; height: 193px;\"><\/textarea><\/div><\/div><\/div><div class=\"row\"><div class=\"col-md-12\"><div class=\"form-group psfb-single-container\"><hr class=\"\"><\/div><\/div><\/div><div class=\"row\"><div class=\"col-md-6\"><div class=\"form-group psfb-single-container\"><label class=\"control-label\" for=\"psfield_4834_15\">Comment avez-vous connu la chorale ?<\/label><select name=\"Comment_avez_vous_connu_la_chorale__\" class=\"form-control  \" id=\"psfield_4834_15\" style=\"\"><option value=\"amis\" selected=\"selected\">Amis<\/option><option value=\"facebook\">Facebook<\/option><option value=\"google\">Recherche Google<\/option><option value=\"agenda_culturel\">Site d'agenda culturel et \u00e9v\u00e9nements<\/option><option value=\"annonces_musicales\">Site d'annonces musicales<\/option><option value=\"autre\">Autres<\/option><\/select><p class=\"help-block\">Pour nous aider \u00e0 mieux communiquer, merci de nous indiquer comment vous avez connu la chorale<\/p><\/div><\/div><div class=\"col-md-6\"><div class=\"form-group psfb-single-container\"><label class=\"control-label\" for=\"psfield_4834_16\">Pr\u00e9cisez :<\/label><input type=\"text\" name=\"Pr_cisez__\" class=\"form-control  \" id=\"psfield_4834_16\" style=\"\"\/><p class=\"help-block\">Pr\u00e9cisez par quel autre moyen vous avez connu la chorale<\/p><\/div><\/div><\/div><div class=\"row\"><div class=\"col-md-12\"><div class=\"form-group psfb-single-container\"><hr class=\"\"><\/div><\/div><\/div><div class=\"row\"><div class=\"col-md-12\"><div class=\"form-group psfb-single-container\"><div style=\"position:relative;z-index:1;\"><button type=\"submit\" class=\"btn btn-primary      \" id=\"psfield_4834_18\" style=\"\">Envoyer<\/button><\/div><\/div><\/div><\/div><\/div><\/form>\n<!--themify_builder_content-->\n<div id=\"themify_builder_content-759\" data-postid=\"759\" class=\"themify_builder_content themify_builder_content-759 themify_builder tf_clear\">\n    <\/div>\n<!--\/themify_builder_content-->","protected":false},"excerpt":{"rendered":"<p>Vous avez toujours voulu chanter dans une chorale gospel ?Le message de libert\u00e9 port\u00e9 par la chorale vous touche ? Vous souhaitez rejoindre l\u2019aventure The Voice of Freedom&nbsp;? Venez passer l&rsquo;audition pour notre chorale Gospel et Spirituals ! Comment se passe une audition pour notre chorale Gospel ? Il vous suffit de vous inscrire sur [&hellip;]<\/p>\n","protected":false},"author":1,"featured_media":0,"parent":0,"menu_order":0,"comment_status":"closed","ping_status":"closed","template":"","meta":{"footnotes":""},"class_list":["post-759","page","type-page","status-publish","hentry","has-post-title","has-post-date","has-post-category","has-post-tag","has-post-comment","has-post-author",""],"yoast_head":"<!-- This site is optimized with the Yoast SEO plugin v27.5 - https:\/\/yoast.com\/product\/yoast-seo-wordpress\/ -->\n<title>Audition Chorale Gospel :  nous rejoindre - The Voice of Freedom<\/title>\n<meta name=\"description\" content=\"Passer une audition pour la chorale gospel et sprirituals The Voice Of Freedom et participer \u00e0 de nombreux concerts gospel \u00e0 Paris.\" \/>\n<meta name=\"robots\" content=\"index, follow, max-snippet:-1, max-image-preview:large, max-video-preview:-1\" \/>\n<link rel=\"canonical\" href=\"https:\/\/www.the-voice-of-freedom.com\/wordpress\/auditions-chorale-gospel\/\" \/>\n<meta property=\"og:locale\" content=\"fr_FR\" \/>\n<meta property=\"og:type\" content=\"article\" \/>\n<meta property=\"og:title\" content=\"Audition Chorale Gospel :  nous rejoindre - The Voice of Freedom\" \/>\n<meta property=\"og:description\" content=\"Passer une audition pour la chorale gospel et sprirituals The Voice Of Freedom et participer \u00e0 de nombreux concerts gospel \u00e0 Paris.\" \/>\n<meta property=\"og:url\" content=\"https:\/\/www.the-voice-of-freedom.com\/wordpress\/auditions-chorale-gospel\/\" \/>\n<meta property=\"og:site_name\" content=\"The Voice of Freedom\" \/>\n<meta property=\"article:modified_time\" content=\"2021-06-16T18:28:45+00:00\" \/>\n<meta name=\"twitter:card\" content=\"summary_large_image\" \/>\n<meta name=\"twitter:label1\" content=\"Dur\u00e9e de lecture estim\u00e9e\" \/>\n\t<meta name=\"twitter:data1\" content=\"1 minute\" \/>\n<script type=\"application\/ld+json\" class=\"yoast-schema-graph\">{\"@context\":\"https:\\\/\\\/schema.org\",\"@graph\":[{\"@type\":\"WebPage\",\"@id\":\"https:\\\/\\\/www.the-voice-of-freedom.com\\\/wordpress\\\/auditions-chorale-gospel\\\/\",\"url\":\"https:\\\/\\\/www.the-voice-of-freedom.com\\\/wordpress\\\/auditions-chorale-gospel\\\/\",\"name\":\"Audition Chorale Gospel : nous rejoindre - The Voice of Freedom\",\"isPartOf\":{\"@id\":\"https:\\\/\\\/www.the-voice-of-freedom.com\\\/wordpress\\\/#website\"},\"datePublished\":\"2015-09-11T08:36:11+00:00\",\"dateModified\":\"2021-06-16T18:28:45+00:00\",\"description\":\"Passer une audition pour la chorale gospel et sprirituals The Voice Of Freedom et participer \u00e0 de nombreux concerts gospel \u00e0 Paris.\",\"breadcrumb\":{\"@id\":\"https:\\\/\\\/www.the-voice-of-freedom.com\\\/wordpress\\\/auditions-chorale-gospel\\\/#breadcrumb\"},\"inLanguage\":\"fr-FR\",\"potentialAction\":[{\"@type\":\"ReadAction\",\"target\":[\"https:\\\/\\\/www.the-voice-of-freedom.com\\\/wordpress\\\/auditions-chorale-gospel\\\/\"]}]},{\"@type\":\"BreadcrumbList\",\"@id\":\"https:\\\/\\\/www.the-voice-of-freedom.com\\\/wordpress\\\/auditions-chorale-gospel\\\/#breadcrumb\",\"itemListElement\":[{\"@type\":\"ListItem\",\"position\":1,\"name\":\"Accueil\",\"item\":\"https:\\\/\\\/www.the-voice-of-freedom.com\\\/wordpress\\\/\"},{\"@type\":\"ListItem\",\"position\":2,\"name\":\"Audition Chorale Gospel : nous rejoindre\"}]},{\"@type\":\"WebSite\",\"@id\":\"https:\\\/\\\/www.the-voice-of-freedom.com\\\/wordpress\\\/#website\",\"url\":\"https:\\\/\\\/www.the-voice-of-freedom.com\\\/wordpress\\\/\",\"name\":\"The Voice of Freedom\",\"description\":\"Chorale parisienne de Negro Spirituals et Gospel\",\"publisher\":{\"@id\":\"https:\\\/\\\/www.the-voice-of-freedom.com\\\/wordpress\\\/#organization\"},\"potentialAction\":[{\"@type\":\"SearchAction\",\"target\":{\"@type\":\"EntryPoint\",\"urlTemplate\":\"https:\\\/\\\/www.the-voice-of-freedom.com\\\/wordpress\\\/?s={search_term_string}\"},\"query-input\":{\"@type\":\"PropertyValueSpecification\",\"valueRequired\":true,\"valueName\":\"search_term_string\"}}],\"inLanguage\":\"fr-FR\"},{\"@type\":\"Organization\",\"@id\":\"https:\\\/\\\/www.the-voice-of-freedom.com\\\/wordpress\\\/#organization\",\"name\":\"The Voice Of Freedom\",\"url\":\"https:\\\/\\\/www.the-voice-of-freedom.com\\\/wordpress\\\/\",\"logo\":{\"@type\":\"ImageObject\",\"inLanguage\":\"fr-FR\",\"@id\":\"https:\\\/\\\/www.the-voice-of-freedom.com\\\/wordpress\\\/#\\\/schema\\\/logo\\\/image\\\/\",\"url\":\"https:\\\/\\\/www.the-voice-of-freedom.com\\\/wordpress\\\/wp-content\\\/uploads\\\/2017\\\/03\\\/logo-vof.png\",\"contentUrl\":\"https:\\\/\\\/www.the-voice-of-freedom.com\\\/wordpress\\\/wp-content\\\/uploads\\\/2017\\\/03\\\/logo-vof.png\",\"width\":134,\"height\":75,\"caption\":\"The Voice Of Freedom\"},\"image\":{\"@id\":\"https:\\\/\\\/www.the-voice-of-freedom.com\\\/wordpress\\\/#\\\/schema\\\/logo\\\/image\\\/\"}}]}<\/script>\n<!-- \/ Yoast SEO plugin. -->","yoast_head_json":{"title":"Audition Chorale Gospel :  nous rejoindre - The Voice of Freedom","description":"Passer une audition pour la chorale gospel et sprirituals The Voice Of Freedom et participer \u00e0 de nombreux concerts gospel \u00e0 Paris.","robots":{"index":"index","follow":"follow","max-snippet":"max-snippet:-1","max-image-preview":"max-image-preview:large","max-video-preview":"max-video-preview:-1"},"canonical":"https:\/\/www.the-voice-of-freedom.com\/wordpress\/auditions-chorale-gospel\/","og_locale":"fr_FR","og_type":"article","og_title":"Audition Chorale Gospel :  nous rejoindre - The Voice of Freedom","og_description":"Passer une audition pour la chorale gospel et sprirituals The Voice Of Freedom et participer \u00e0 de nombreux concerts gospel \u00e0 Paris.","og_url":"https:\/\/www.the-voice-of-freedom.com\/wordpress\/auditions-chorale-gospel\/","og_site_name":"The Voice of Freedom","article_modified_time":"2021-06-16T18:28:45+00:00","twitter_card":"summary_large_image","twitter_misc":{"Dur\u00e9e de lecture estim\u00e9e":"1 minute"},"schema":{"@context":"https:\/\/schema.org","@graph":[{"@type":"WebPage","@id":"https:\/\/www.the-voice-of-freedom.com\/wordpress\/auditions-chorale-gospel\/","url":"https:\/\/www.the-voice-of-freedom.com\/wordpress\/auditions-chorale-gospel\/","name":"Audition Chorale Gospel : nous rejoindre - The Voice of Freedom","isPartOf":{"@id":"https:\/\/www.the-voice-of-freedom.com\/wordpress\/#website"},"datePublished":"2015-09-11T08:36:11+00:00","dateModified":"2021-06-16T18:28:45+00:00","description":"Passer une audition pour la chorale gospel et sprirituals The Voice Of Freedom et participer \u00e0 de nombreux concerts gospel \u00e0 Paris.","breadcrumb":{"@id":"https:\/\/www.the-voice-of-freedom.com\/wordpress\/auditions-chorale-gospel\/#breadcrumb"},"inLanguage":"fr-FR","potentialAction":[{"@type":"ReadAction","target":["https:\/\/www.the-voice-of-freedom.com\/wordpress\/auditions-chorale-gospel\/"]}]},{"@type":"BreadcrumbList","@id":"https:\/\/www.the-voice-of-freedom.com\/wordpress\/auditions-chorale-gospel\/#breadcrumb","itemListElement":[{"@type":"ListItem","position":1,"name":"Accueil","item":"https:\/\/www.the-voice-of-freedom.com\/wordpress\/"},{"@type":"ListItem","position":2,"name":"Audition Chorale Gospel : nous rejoindre"}]},{"@type":"WebSite","@id":"https:\/\/www.the-voice-of-freedom.com\/wordpress\/#website","url":"https:\/\/www.the-voice-of-freedom.com\/wordpress\/","name":"The Voice of Freedom","description":"Chorale parisienne de Negro Spirituals et Gospel","publisher":{"@id":"https:\/\/www.the-voice-of-freedom.com\/wordpress\/#organization"},"potentialAction":[{"@type":"SearchAction","target":{"@type":"EntryPoint","urlTemplate":"https:\/\/www.the-voice-of-freedom.com\/wordpress\/?s={search_term_string}"},"query-input":{"@type":"PropertyValueSpecification","valueRequired":true,"valueName":"search_term_string"}}],"inLanguage":"fr-FR"},{"@type":"Organization","@id":"https:\/\/www.the-voice-of-freedom.com\/wordpress\/#organization","name":"The Voice Of Freedom","url":"https:\/\/www.the-voice-of-freedom.com\/wordpress\/","logo":{"@type":"ImageObject","inLanguage":"fr-FR","@id":"https:\/\/www.the-voice-of-freedom.com\/wordpress\/#\/schema\/logo\/image\/","url":"https:\/\/www.the-voice-of-freedom.com\/wordpress\/wp-content\/uploads\/2017\/03\/logo-vof.png","contentUrl":"https:\/\/www.the-voice-of-freedom.com\/wordpress\/wp-content\/uploads\/2017\/03\/logo-vof.png","width":134,"height":75,"caption":"The Voice Of Freedom"},"image":{"@id":"https:\/\/www.the-voice-of-freedom.com\/wordpress\/#\/schema\/logo\/image\/"}}]}},"builder_content":"","_links":{"self":[{"href":"https:\/\/www.the-voice-of-freedom.com\/wordpress\/wp-json\/wp\/v2\/pages\/759","targetHints":{"allow":["GET"]}}],"collection":[{"href":"https:\/\/www.the-voice-of-freedom.com\/wordpress\/wp-json\/wp\/v2\/pages"}],"about":[{"href":"https:\/\/www.the-voice-of-freedom.com\/wordpress\/wp-json\/wp\/v2\/types\/page"}],"author":[{"embeddable":true,"href":"https:\/\/www.the-voice-of-freedom.com\/wordpress\/wp-json\/wp\/v2\/users\/1"}],"replies":[{"embeddable":true,"href":"https:\/\/www.the-voice-of-freedom.com\/wordpress\/wp-json\/wp\/v2\/comments?post=759"}],"version-history":[{"count":52,"href":"https:\/\/www.the-voice-of-freedom.com\/wordpress\/wp-json\/wp\/v2\/pages\/759\/revisions"}],"predecessor-version":[{"id":4985,"href":"https:\/\/www.the-voice-of-freedom.com\/wordpress\/wp-json\/wp\/v2\/pages\/759\/revisions\/4985"}],"wp:attachment":[{"href":"https:\/\/www.the-voice-of-freedom.com\/wordpress\/wp-json\/wp\/v2\/media?parent=759"}],"curies":[{"name":"wp","href":"https:\/\/api.w.org\/{rel}","templated":true}]}}