{"id":199,"date":"2012-04-27T11:34:17","date_gmt":"2012-04-27T11:34:17","guid":{"rendered":"http:\/\/www.the-voice-of-freedom.com\/wordpress\/?page_id=199"},"modified":"2025-11-20T11:54:53","modified_gmt":"2025-11-20T09:54:53","slug":"avis-chorale-gospel-spirituals-paris","status":"publish","type":"page","link":"https:\/\/www.the-voice-of-freedom.com\/wordpress\/avis-chorale-gospel-spirituals-paris\/","title":{"rendered":"Livre d&rsquo;or"},"content":{"rendered":"<h2 class=\"wp-block-heading\">Avis sur The Voice Of Freedom &#8211; Spirituals et Gospel<\/h2>\n\n\n\n<p class=\"p2\">The Voice Of Freedom se produit \u00e0 Paris et en r\u00e9gion parisienne pour des animations et concerts de Spirituals, Gospel et Chants du monde vecteurs de libert\u00e9.<\/p>\n\n\n\n<p><a href=\"https:\/\/www.the-voice-of-freedom.com\/wordpress\/concerts-gospel-paris\">Voir les prochains concerts<\/a>.<\/p>\n\n\n\n<p><\/p>\n\n<!--themify_builder_content-->\n<div id=\"themify_builder_content-199\" data-postid=\"199\" class=\"themify_builder_content themify_builder_content-199 themify_builder tf_clear\">\n    <\/div>\n<!--\/themify_builder_content-->","protected":false},"excerpt":{"rendered":"<p>Avis sur The Voice Of Freedom &#8211; Spirituals et Gospel The Voice Of Freedom se produit \u00e0 Paris et en r\u00e9gion parisienne pour des animations et concerts de Spirituals, Gospel et Chants du monde vecteurs de libert\u00e9. Voir les prochains concerts.<\/p>\n","protected":false},"author":1,"featured_media":0,"parent":0,"menu_order":0,"comment_status":"open","ping_status":"closed","template":"","meta":{"footnotes":""},"class_list":["post-199","page","type-page","status-publish","hentry","has-post-title","has-post-date","has-post-category","has-post-tag","has-post-comment","has-post-author",""],"yoast_head":"<!-- This site is optimized with the Yoast SEO plugin v27.5 - https:\/\/yoast.com\/product\/yoast-seo-wordpress\/ -->\n<title>Livre d&#039;or - Avis chorale The Voice of Freedom - Gospel<\/title>\n<meta name=\"description\" content=\"Ils sont venus nous \u00e9couter et ont laiss\u00e9 leur avis sur les concerts de The Voice Of Freedom chorale gospel et spirituals \u00e0 Paris.\" \/>\n<meta name=\"robots\" content=\"index, follow, max-snippet:-1, max-image-preview:large, max-video-preview:-1\" \/>\n<link rel=\"canonical\" href=\"https:\/\/www.the-voice-of-freedom.com\/wordpress\/avis-chorale-gospel-spirituals-paris\/\" \/>\n<meta property=\"og:locale\" content=\"fr_FR\" \/>\n<meta property=\"og:type\" content=\"article\" \/>\n<meta property=\"og:title\" content=\"Livre d&#039;or - Avis chorale The Voice of Freedom - Gospel\" \/>\n<meta property=\"og:description\" content=\"Ils sont venus nous \u00e9couter et ont laiss\u00e9 leur avis sur les concerts de The Voice Of Freedom chorale gospel et spirituals \u00e0 Paris.\" \/>\n<meta property=\"og:url\" content=\"https:\/\/www.the-voice-of-freedom.com\/wordpress\/avis-chorale-gospel-spirituals-paris\/\" \/>\n<meta property=\"og:site_name\" content=\"The Voice of Freedom\" \/>\n<meta property=\"article:modified_time\" content=\"2025-11-20T09:54:53+00:00\" \/>\n<meta name=\"twitter:card\" content=\"summary_large_image\" \/>\n<meta name=\"twitter:label1\" content=\"Dur\u00e9e de lecture estim\u00e9e\" \/>\n\t<meta name=\"twitter:data1\" content=\"1 minute\" \/>\n<script type=\"application\/ld+json\" class=\"yoast-schema-graph\">{\"@context\":\"https:\\\/\\\/schema.org\",\"@graph\":[{\"@type\":\"WebPage\",\"@id\":\"https:\\\/\\\/www.the-voice-of-freedom.com\\\/wordpress\\\/avis-chorale-gospel-spirituals-paris\\\/\",\"url\":\"https:\\\/\\\/www.the-voice-of-freedom.com\\\/wordpress\\\/avis-chorale-gospel-spirituals-paris\\\/\",\"name\":\"Livre d'or - Avis chorale The Voice of Freedom - Gospel\",\"isPartOf\":{\"@id\":\"https:\\\/\\\/www.the-voice-of-freedom.com\\\/wordpress\\\/#website\"},\"datePublished\":\"2012-04-27T11:34:17+00:00\",\"dateModified\":\"2025-11-20T09:54:53+00:00\",\"description\":\"Ils sont venus nous \u00e9couter et ont laiss\u00e9 leur avis sur les concerts de The Voice Of Freedom chorale gospel et spirituals \u00e0 Paris.\",\"breadcrumb\":{\"@id\":\"https:\\\/\\\/www.the-voice-of-freedom.com\\\/wordpress\\\/avis-chorale-gospel-spirituals-paris\\\/#breadcrumb\"},\"inLanguage\":\"fr-FR\",\"potentialAction\":[{\"@type\":\"ReadAction\",\"target\":[\"https:\\\/\\\/www.the-voice-of-freedom.com\\\/wordpress\\\/avis-chorale-gospel-spirituals-paris\\\/\"]}]},{\"@type\":\"BreadcrumbList\",\"@id\":\"https:\\\/\\\/www.the-voice-of-freedom.com\\\/wordpress\\\/avis-chorale-gospel-spirituals-paris\\\/#breadcrumb\",\"itemListElement\":[{\"@type\":\"ListItem\",\"position\":1,\"name\":\"Accueil\",\"item\":\"https:\\\/\\\/www.the-voice-of-freedom.com\\\/wordpress\\\/\"},{\"@type\":\"ListItem\",\"position\":2,\"name\":\"Livre d&rsquo;or\"}]},{\"@type\":\"WebSite\",\"@id\":\"https:\\\/\\\/www.the-voice-of-freedom.com\\\/wordpress\\\/#website\",\"url\":\"https:\\\/\\\/www.the-voice-of-freedom.com\\\/wordpress\\\/\",\"name\":\"The Voice of Freedom\",\"description\":\"Chorale parisienne de Negro Spirituals et Gospel\",\"publisher\":{\"@id\":\"https:\\\/\\\/www.the-voice-of-freedom.com\\\/wordpress\\\/#organization\"},\"potentialAction\":[{\"@type\":\"SearchAction\",\"target\":{\"@type\":\"EntryPoint\",\"urlTemplate\":\"https:\\\/\\\/www.the-voice-of-freedom.com\\\/wordpress\\\/?s={search_term_string}\"},\"query-input\":{\"@type\":\"PropertyValueSpecification\",\"valueRequired\":true,\"valueName\":\"search_term_string\"}}],\"inLanguage\":\"fr-FR\"},{\"@type\":\"Organization\",\"@id\":\"https:\\\/\\\/www.the-voice-of-freedom.com\\\/wordpress\\\/#organization\",\"name\":\"The Voice Of Freedom\",\"url\":\"https:\\\/\\\/www.the-voice-of-freedom.com\\\/wordpress\\\/\",\"logo\":{\"@type\":\"ImageObject\",\"inLanguage\":\"fr-FR\",\"@id\":\"https:\\\/\\\/www.the-voice-of-freedom.com\\\/wordpress\\\/#\\\/schema\\\/logo\\\/image\\\/\",\"url\":\"https:\\\/\\\/www.the-voice-of-freedom.com\\\/wordpress\\\/wp-content\\\/uploads\\\/2017\\\/03\\\/logo-vof.png\",\"contentUrl\":\"https:\\\/\\\/www.the-voice-of-freedom.com\\\/wordpress\\\/wp-content\\\/uploads\\\/2017\\\/03\\\/logo-vof.png\",\"width\":134,\"height\":75,\"caption\":\"The Voice Of Freedom\"},\"image\":{\"@id\":\"https:\\\/\\\/www.the-voice-of-freedom.com\\\/wordpress\\\/#\\\/schema\\\/logo\\\/image\\\/\"}}]}<\/script>\n<!-- \/ Yoast SEO plugin. -->","yoast_head_json":{"title":"Livre d'or - Avis chorale The Voice of Freedom - Gospel","description":"Ils sont venus nous \u00e9couter et ont laiss\u00e9 leur avis sur les concerts de The Voice Of Freedom chorale gospel et spirituals \u00e0 Paris.","robots":{"index":"index","follow":"follow","max-snippet":"max-snippet:-1","max-image-preview":"max-image-preview:large","max-video-preview":"max-video-preview:-1"},"canonical":"https:\/\/www.the-voice-of-freedom.com\/wordpress\/avis-chorale-gospel-spirituals-paris\/","og_locale":"fr_FR","og_type":"article","og_title":"Livre d'or - Avis chorale The Voice of Freedom - Gospel","og_description":"Ils sont venus nous \u00e9couter et ont laiss\u00e9 leur avis sur les concerts de The Voice Of Freedom chorale gospel et spirituals \u00e0 Paris.","og_url":"https:\/\/www.the-voice-of-freedom.com\/wordpress\/avis-chorale-gospel-spirituals-paris\/","og_site_name":"The Voice of Freedom","article_modified_time":"2025-11-20T09:54:53+00:00","twitter_card":"summary_large_image","twitter_misc":{"Dur\u00e9e de lecture estim\u00e9e":"1 minute"},"schema":{"@context":"https:\/\/schema.org","@graph":[{"@type":"WebPage","@id":"https:\/\/www.the-voice-of-freedom.com\/wordpress\/avis-chorale-gospel-spirituals-paris\/","url":"https:\/\/www.the-voice-of-freedom.com\/wordpress\/avis-chorale-gospel-spirituals-paris\/","name":"Livre d'or - Avis chorale The Voice of Freedom - Gospel","isPartOf":{"@id":"https:\/\/www.the-voice-of-freedom.com\/wordpress\/#website"},"datePublished":"2012-04-27T11:34:17+00:00","dateModified":"2025-11-20T09:54:53+00:00","description":"Ils sont venus nous \u00e9couter et ont laiss\u00e9 leur avis sur les concerts de The Voice Of Freedom chorale gospel et spirituals \u00e0 Paris.","breadcrumb":{"@id":"https:\/\/www.the-voice-of-freedom.com\/wordpress\/avis-chorale-gospel-spirituals-paris\/#breadcrumb"},"inLanguage":"fr-FR","potentialAction":[{"@type":"ReadAction","target":["https:\/\/www.the-voice-of-freedom.com\/wordpress\/avis-chorale-gospel-spirituals-paris\/"]}]},{"@type":"BreadcrumbList","@id":"https:\/\/www.the-voice-of-freedom.com\/wordpress\/avis-chorale-gospel-spirituals-paris\/#breadcrumb","itemListElement":[{"@type":"ListItem","position":1,"name":"Accueil","item":"https:\/\/www.the-voice-of-freedom.com\/wordpress\/"},{"@type":"ListItem","position":2,"name":"Livre d&rsquo;or"}]},{"@type":"WebSite","@id":"https:\/\/www.the-voice-of-freedom.com\/wordpress\/#website","url":"https:\/\/www.the-voice-of-freedom.com\/wordpress\/","name":"The Voice of Freedom","description":"Chorale parisienne de Negro Spirituals et Gospel","publisher":{"@id":"https:\/\/www.the-voice-of-freedom.com\/wordpress\/#organization"},"potentialAction":[{"@type":"SearchAction","target":{"@type":"EntryPoint","urlTemplate":"https:\/\/www.the-voice-of-freedom.com\/wordpress\/?s={search_term_string}"},"query-input":{"@type":"PropertyValueSpecification","valueRequired":true,"valueName":"search_term_string"}}],"inLanguage":"fr-FR"},{"@type":"Organization","@id":"https:\/\/www.the-voice-of-freedom.com\/wordpress\/#organization","name":"The Voice Of Freedom","url":"https:\/\/www.the-voice-of-freedom.com\/wordpress\/","logo":{"@type":"ImageObject","inLanguage":"fr-FR","@id":"https:\/\/www.the-voice-of-freedom.com\/wordpress\/#\/schema\/logo\/image\/","url":"https:\/\/www.the-voice-of-freedom.com\/wordpress\/wp-content\/uploads\/2017\/03\/logo-vof.png","contentUrl":"https:\/\/www.the-voice-of-freedom.com\/wordpress\/wp-content\/uploads\/2017\/03\/logo-vof.png","width":134,"height":75,"caption":"The Voice Of Freedom"},"image":{"@id":"https:\/\/www.the-voice-of-freedom.com\/wordpress\/#\/schema\/logo\/image\/"}}]}},"builder_content":"","_links":{"self":[{"href":"https:\/\/www.the-voice-of-freedom.com\/wordpress\/wp-json\/wp\/v2\/pages\/199","targetHints":{"allow":["GET"]}}],"collection":[{"href":"https:\/\/www.the-voice-of-freedom.com\/wordpress\/wp-json\/wp\/v2\/pages"}],"about":[{"href":"https:\/\/www.the-voice-of-freedom.com\/wordpress\/wp-json\/wp\/v2\/types\/page"}],"author":[{"embeddable":true,"href":"https:\/\/www.the-voice-of-freedom.com\/wordpress\/wp-json\/wp\/v2\/users\/1"}],"replies":[{"embeddable":true,"href":"https:\/\/www.the-voice-of-freedom.com\/wordpress\/wp-json\/wp\/v2\/comments?post=199"}],"version-history":[{"count":18,"href":"https:\/\/www.the-voice-of-freedom.com\/wordpress\/wp-json\/wp\/v2\/pages\/199\/revisions"}],"predecessor-version":[{"id":5280,"href":"https:\/\/www.the-voice-of-freedom.com\/wordpress\/wp-json\/wp\/v2\/pages\/199\/revisions\/5280"}],"wp:attachment":[{"href":"https:\/\/www.the-voice-of-freedom.com\/wordpress\/wp-json\/wp\/v2\/media?parent=199"}],"curies":[{"name":"wp","href":"https:\/\/api.w.org\/{rel}","templated":true}]}}

<h2 class="wp-block-heading">Avis sur The Voice Of Freedom &#8211; Spirituals et Gospel</h2>



<p class="p2">The Voice Of Freedom se produit à Paris et en région parisienne pour des animations et concerts de Spirituals, Gospel et Chants du monde vecteurs de liberté.</p>



<p><a href="https://www.the-voice-of-freedom.com/wordpress/concerts-gospel-paris">Voir les prochains concerts</a>.</p>



<p></p>

<!--themify_builder_content-->
<div id="themify_builder_content-199" data-postid="199" class="themify_builder_content themify_builder_content-199 themify_builder tf_clear">
    </div>
<!--/themify_builder_content-->

<p>Avis sur The Voice Of Freedom &#8211; Spirituals et Gospel The Voice Of Freedom se produit à Paris et en région parisienne pour des animations et concerts de Spirituals, Gospel et Chants du monde vecteurs de liberté. Voir les prochains concerts.</p>

<!-- This site is optimized with the Yoast SEO plugin v27.5 - https://yoast.com/product/yoast-seo-wordpress/ -->
<title>Livre d&#039;or - Avis chorale The Voice of Freedom - Gospel</title>
<meta name="description" content="Ils sont venus nous écouter et ont laissé leur avis sur les concerts de The Voice Of Freedom chorale gospel et spirituals à Paris." />
<meta name="robots" content="index, follow, max-snippet:-1, max-image-preview:large, max-video-preview:-1" />
<link rel="canonical" href="https://www.the-voice-of-freedom.com/wordpress/avis-chorale-gospel-spirituals-paris/" />
<meta property="og:locale" content="fr_FR" />
<meta property="og:type" content="article" />
<meta property="og:title" content="Livre d&#039;or - Avis chorale The Voice of Freedom - Gospel" />
<meta property="og:description" content="Ils sont venus nous écouter et ont laissé leur avis sur les concerts de The Voice Of Freedom chorale gospel et spirituals à Paris." />
<meta property="og:url" content="https://www.the-voice-of-freedom.com/wordpress/avis-chorale-gospel-spirituals-paris/" />
<meta property="og:site_name" content="The Voice of Freedom" />
<meta property="article:modified_time" content="2025-11-20T09:54:53+00:00" />
<meta name="twitter:card" content="summary_large_image" />
<meta name="twitter:label1" content="Durée de lecture estimée" />
	<meta name="twitter:data1" content="1 minute" />
<script type="application/ld+json" class="yoast-schema-graph">{"@context":"https:\/\/schema.org","@graph":[{"@type":"WebPage","@id":"https:\/\/www.the-voice-of-freedom.com\/wordpress\/avis-chorale-gospel-spirituals-paris\/","url":"https:\/\/www.the-voice-of-freedom.com\/wordpress\/avis-chorale-gospel-spirituals-paris\/","name":"Livre d'or - Avis chorale The Voice of Freedom - Gospel","isPartOf":{"@id":"https:\/\/www.the-voice-of-freedom.com\/wordpress\/#website"},"datePublished":"2012-04-27T11:34:17+00:00","dateModified":"2025-11-20T09:54:53+00:00","description":"Ils sont venus nous écouter et ont laissé leur avis sur les concerts de The Voice Of Freedom chorale gospel et spirituals à Paris.","breadcrumb":{"@id":"https:\/\/www.the-voice-of-freedom.com\/wordpress\/avis-chorale-gospel-spirituals-paris\/#breadcrumb"},"inLanguage":"fr-FR","potentialAction":[{"@type":"ReadAction","target":["https:\/\/www.the-voice-of-freedom.com\/wordpress\/avis-chorale-gospel-spirituals-paris\/"]}]},{"@type":"BreadcrumbList","@id":"https:\/\/www.the-voice-of-freedom.com\/wordpress\/avis-chorale-gospel-spirituals-paris\/#breadcrumb","itemListElement":[{"@type":"ListItem","position":1,"name":"Accueil","item":"https:\/\/www.the-voice-of-freedom.com\/wordpress\/"},{"@type":"ListItem","position":2,"name":"Livre d&rsquo;or"}]},{"@type":"WebSite","@id":"https:\/\/www.the-voice-of-freedom.com\/wordpress\/#website","url":"https:\/\/www.the-voice-of-freedom.com\/wordpress\/","name":"The Voice of Freedom","description":"Chorale parisienne de Negro Spirituals et Gospel","publisher":{"@id":"https:\/\/www.the-voice-of-freedom.com\/wordpress\/#organization"},"potentialAction":[{"@type":"SearchAction","target":{"@type":"EntryPoint","urlTemplate":"https:\/\/www.the-voice-of-freedom.com\/wordpress\/?s={search_term_string}"},"query-input":{"@type":"PropertyValueSpecification","valueRequired":true,"valueName":"search_term_string"}}],"inLanguage":"fr-FR"},{"@type":"Organization","@id":"https:\/\/www.the-voice-of-freedom.com\/wordpress\/#organization","name":"The Voice Of Freedom","url":"https:\/\/www.the-voice-of-freedom.com\/wordpress\/","logo":{"@type":"ImageObject","inLanguage":"fr-FR","@id":"https:\/\/www.the-voice-of-freedom.com\/wordpress\/#\/schema\/logo\/image\/","url":"https:\/\/www.the-voice-of-freedom.com\/wordpress\/wp-content\/uploads\/2017\/03\/logo-vof.png","contentUrl":"https:\/\/www.the-voice-of-freedom.com\/wordpress\/wp-content\/uploads\/2017\/03\/logo-vof.png","width":134,"height":75,"caption":"The Voice Of Freedom"},"image":{"@id":"https:\/\/www.the-voice-of-freedom.com\/wordpress\/#\/schema\/logo\/image\/"}}]}</script>
<!-- / Yoast SEO plugin. -->

Ils sont venus nous écouter et ont laissé leur avis sur les concerts de The Voice Of Freedom chorale gospel et spirituals à Paris.
